{"id":16,"date":"2026-02-17T01:02:07","date_gmt":"2026-02-17T01:02:07","guid":{"rendered":"http:\/\/34.39.145.220\/?post_type=product&#038;p=16"},"modified":"2026-02-17T01:37:24","modified_gmt":"2026-02-17T01:37:24","slug":"vasos-de-1-litro","status":"publish","type":"product","link":"https:\/\/seimcobo.com\/?product=vasos-de-1-litro","title":{"rendered":"Vasos de 1 litro"},"content":{"rendered":"<p><span dir=\"auto\" style=\"vertical-align: inherit;\"><span dir=\"auto\" style=\"vertical-align: inherit;\">vasos de polipropileno<\/span><\/span><\/p>\n<p><span dir=\"auto\" style=\"vertical-align: inherit;\"><span dir=\"auto\" style=\"vertical-align: inherit;\">capacidad de 1 litros<\/span><\/span><\/p>\n<p><span dir=\"auto\" style=\"vertical-align: inherit;\"><span dir=\"auto\" style=\"vertical-align: inherit;\">con impresi\u00f3n permanente a 1 color en serigraf\u00eda<\/span><\/span><\/p>\n<p><span dir=\"auto\" style=\"vertical-align: inherit;\"><span dir=\"auto\" style=\"vertical-align: inherit;\">por color adicional habr\u00e1 incremento seg\u00fan cotizaci\u00f3n personalizada<\/span><\/span><\/p>\n","protected":false},"excerpt":{"rendered":"<p>vasos de polipropileno capacidad de 1 litros con impresi\u00f3n permanente a 1 color en serigraf\u00eda por color adicional habr\u00e1 incremento seg\u00fan cotizaci\u00f3n personalizada<\/p>\n","protected":false},"featured_media":17,"comment_status":"open","ping_status":"closed","template":"","meta":[],"product_brand":[],"product_cat":[18],"product_tag":[],"class_list":{"0":"post-16","1":"product","2":"type-product","3":"status-publish","4":"has-post-thumbnail","6":"product_cat-vasos-publicitarios","8":"first","9":"instock","10":"shipping-taxable","11":"purchasable","12":"product-type-simple"},"jetpack_sharing_enabled":true,"_links":{"self":[{"href":"https:\/\/seimcobo.com\/index.php?rest_route=\/wp\/v2\/product\/16","targetHints":{"allow":["GET"]}}],"collection":[{"href":"https:\/\/seimcobo.com\/index.php?rest_route=\/wp\/v2\/product"}],"about":[{"href":"https:\/\/seimcobo.com\/index.php?rest_route=\/wp\/v2\/types\/product"}],"replies":[{"embeddable":true,"href":"https:\/\/seimcobo.com\/index.php?rest_route=%2Fwp%2Fv2%2Fcomments&post=16"}],"wp:featuredmedia":[{"embeddable":true,"href":"https:\/\/seimcobo.com\/index.php?rest_route=\/wp\/v2\/media\/17"}],"wp:attachment":[{"href":"https:\/\/seimcobo.com\/index.php?rest_route=%2Fwp%2Fv2%2Fmedia&parent=16"}],"wp:term":[{"taxonomy":"product_brand","embeddable":true,"href":"https:\/\/seimcobo.com\/index.php?rest_route=%2Fwp%2Fv2%2Fproduct_brand&post=16"},{"taxonomy":"product_cat","embeddable":true,"href":"https:\/\/seimcobo.com\/index.php?rest_route=%2Fwp%2Fv2%2Fproduct_cat&post=16"},{"taxonomy":"product_tag","embeddable":true,"href":"https:\/\/seimcobo.com\/index.php?rest_route=%2Fwp%2Fv2%2Fproduct_tag&post=16"}],"curies":[{"name":"wp","href":"https:\/\/api.w.org\/{rel}","templated":true}]}}